. Suppose m + 3 = u, -201 = -4*l + 2*l + 5*m. What is the tens digit of l?
9
Suppose 0*g - 3*g + 6 = 0. Suppose -6*x = -g*x - 404. Suppose 2*j + 3 = x. What is the tens digit of j?
4
Suppose -2*z + 2*n = -5510, 12685 = 5*z - 4*n - 1089. What is the units digit of z?
4
Let s = 34 - 31. Suppose -k - s*o + 133 = 0, 94 = 2*k - 2*o - 140. What is the tens digit of k?
2
Let d(x) = x**3 - 8*x**2 - 11*x + 11. Let a be d(9). Let i(t) = -t**3 - 4*t**2 + 5*t - 3. What is the units digit of i(a)?
9
Let o be 4 + (-3)/(3/2). Suppose 3*u - 405 = -o*u. Let l = u + -53. What is the tens digit of l?
2
Let j = 1513 - 1071. What is the units digit of j?
2
Let y be -2*(1 - 9/6). Let x be (0 - -1 - y) + 3. Suppose 5*u + 43 = 2*i, -69 = 4*i - 7*i + x*u. What is the tens digit of i?
2
Let j(s) be the second derivative of 3*s**4 + s**3 + 4*s**2 - 21*s. What is the units digit of j(-2)?
0
Let y = -141 + 249. What is the units digit of y?
8
Let s(j) = -56*j + 1. Let a(k) = 56*k - 1. Let w(l) = 7*a(l) + 6*s(l). What is the units digit of w(4)?
3
Let f(d) = 33*d - 77. What is the tens digit of f(16)?
5
Suppose 0 = -2*v - 5*x + 713, 0 = -4*v + v + 4*x + 1058. What is the hundreds digit of v?
3
Let n = 94 + 166. What is the units digit of n?
0
Let c = 8 - 3. Let t(f) = 4*f - 31. Let u be t(9). Suppose o = u*z - o - 152, -c*o + 115 = 4*z. What is the units digit of z?
0
Suppose -q + 9973 = 2*r, 0 = 3*r - 2*q - 1829 - 13113. What is the tens digit of r?
8
Let d be (11 - -4) + (-3 + 19)/(-4). Suppose 17*x - 306 = d*x. What is the tens digit of x?
5
Let x(z) = -z**3 + 8*z**2 + 22*z - 14. Let n be x(10). What is the units digit of (n/(-10))/((-12)/1260)?
3
Suppose h = 5*h - 1800. Suppose -2*y = -7*y + h. What is the tens digit of y?
9
Let t(p) = p**2 + 8*p + 9. Let w be t(-7). Let v(j) = -5*j**2 + 8*j**2 - j - 2*j**2 + 2*j**w. What is the units digit of v(2)?
0
Let g(o) = -o**3 + 21*o**2 - 13*o + 40. What is the units digit of g(15)?
5
Let y = 3 - -4. Let f(x) = 5*x**3 + 8*x**2 - 4*x - 4. Let v(b) = b**3 + 1. Let t(h) = f(h) - 6*v(h). What is the units digit of t(y)?
1
Let b(n) = -259*n - 73. What is the hundreds digit of b(-22)?
6
Let g(d) be the second derivative of -d**5/20 + d**4/6 + 11*d**3/6 + 5*d**2 + 7*d. What is the units digit of g(-5)?
0
Suppose k + 4*z - 47 = z, 0 = 2*k - z - 108. Let y = 175 + k. What is the units digit of y?
8
Let x(g) = -g - 1. Let m(j) = -2*j - 16. Let z(a) = -2*m(a) + 28*x(a). What is the tens digit of z(-2)?
5
Let h be 4 - (-2)/4*2. Suppose -h*k = -10*k + 145. Let f = 56 - k. What is the units digit of f?
7
Let l be ((-8)/(-5))/(2/5). Suppose -d + 15 = 5*v - 7, 16 = -l*v. Suppose -g - 4*k + 21 = -23, g + 2*k = d. What is the tens digit of g?
4
Suppose 73*j = 10*j + 7812. Suppose -2*s = -28 + 140. Let d = j + s. What is the units digit of d?
8
What is the hundreds digit of (2 - (-9)/(-6)) + 3874/4?
9
Suppose -3*b - 6*b + 4671 = 0. What is the tens digit of b?
1
Let r be (48/20)/((-8)/(-20)). Suppose 0 = 3*b - r*b + 45. Suppose 0 = -2*a + 27 + b. What is the tens digit of a?
2
Let p(g) be the first derivative of -59*g**4 + g**3/3 + 3*g**2/2 + 2*g + 42. What is the units digit of p(-1)?
6
Suppose 0*r - 600 = -4*r. Let g = -106 + r. What is the tens digit of g?
4
Let d(s) = -4*s**3 - 3*s**2 - 4*s + 2. What is the units digit of d(-2)?
0
Let h be (-4 - (0 + 22))/2. Let f = h - 3. Let a = f - -18. What is the units digit of a?
2
Suppose -2*o = -4*a - 0*a + 2, -5*a + 3*o = -4. What is the hundreds digit of (-7429)/(-51) + a/(-3)?
1
Let b = 14 + -3. Suppose -l = 5*c - 27, c - b = -7*l + 4*l. Suppose l*d + 4*x = 40, 0*d + 4*x - 76 = -5*d. What is the tens digit of d?
1
Suppose -10 = 9*g - 8*g. What is the tens digit of 112 + ((-2)/g - (-77)/(-35))?
1
Let n = 19 - -21. Let z(i) = -i**2 - 21*i - 83. Let u be z(-5). Let q = n + u. What is the units digit of q?
7
What is the units digit of 24/(32/(-4))*3*-3?
7
Let g(n) = 707*n - 342. What is the thousands digit of g(7)?
4
Suppose 108*i - 163*i = -211035. What is the tens digit of i?
3
Let y(v) be the second derivative of -9*v**3/2 + 13*v**2/2 - 48*v. What is the tens digit of y(-3)?
9
Let s = 14 - 8. Suppose k + s = 8. What is the units digit of 55*(0 - (k - 3))?
5
Let k(h) = -48*h - 11. What is the units digit of k(-9)?
1
Let z(g) = -g**2 + 8*g - 3. Let i be z(7). Let k(v) = -v + 5. Let l be k(i). What is the units digit of -1*2 + (6 - l)?
3
Suppose 2694 = 4*t + 5*s, 4*s - 1 = 7. What is the units digit of t?
1
Let i(m) = 432*m + 140. What is the hundreds digit of i(4)?
8
Suppose o + 3*w = 532, 17*o - 16*o - 525 = 4*w. What is the hundreds digit of o?
5
Suppose 13*m - 2420 = 2*m. Let x = m + -122. What is the tens digit of x?
9
Suppose -3*r + 3*z + 17 - 170 = 0, 0 = -3*r - 4*z - 153. What is the tens digit of r/2*(8 - 10)?
5
Suppose -12161 - 199 = -20*u. What is the units digit of u?
8
Let b(p) = 2 + 2*p**3 + 21*p - 33*p - 6*p**2 - p**3. Let i be b(8). What is the tens digit of 1*((-3)/1 + i)?
3
Let v(j) = -j**3 - 6*j**2 - 6*j - 7. Let u be v(-5). Let t(o) = -4 + 3 - 74*o + 54*o. What is the units digit of t(u)?
9
Let j(l) = -5*l**3 - l**2 + 2*l - 5. Let t(u) = 4*u**3 + 2*u**2 - 3*u + 5. Let r(d) = -2*j(d) - 3*t(d). What is the units digit of r(-4)?
9
Let j be 12/5 - 12/30. Let x(l) = l - 10. Let i be x(15). Suppose -3*w + i*q = -117, -5*q - 49 = j*w - 127. What is the units digit of w?
9
Let o(l) = -14*l**2 - 33*l + 23. Let u(r) = 30*r**2 + 67*r - 47. Let x(i) = 13*o(i) + 6*u(i). What is the units digit of x(-13)?
0
Let n(p) = -p**2 - 40*p - 10. Let m be n(-16). Let i = -260 + m. What is the units digit of i?
4
Let c(i) = -15*i**3 - 6*i**2 - 11*i + 1. What is the units digit of c(-4)?
9
Suppose -w + 3 = 3*j + 2*w, -2*j - 4*w = -8. What is the units digit of ((-4)/j)/(2/46)?
6
What is the units digit of (2 - 3)/((-19)/25175)?
5
Let q = 5 + -2. Suppose 0 = -2*c - z - q, -2*z = 7 - 1. Suppose c = 4*m + 2*i - 134, -5*m - i + 234 - 71 = 0. What is the tens digit of m?
3
Let g = -656 - -1013. What is the hundreds digit of g?
3
Let a(p) = -2*p**2 + 8*p + 13. Let i be a(8). What is the units digit of -3*8/18*i?
8
Suppose d = -4*c + 3*d - 232, -2*c + 3*d - 116 = 0. Let s = c + 128. What is the units digit of s?
0
Suppose 0 = -4*k - 2*r - 814, -3*k + 6*k + 603 = r. Let u = k + 357. What is the units digit of u?
5
Suppose -j + 2 = -4. Let h(s) = 2*s**2 - 10*s + 8. Let u be h(j). Let v = 36 - u. What is the tens digit of v?
1
Let v = 5 + -1. Suppose -5*t - 5*m - 20 = -6*t, 0 = v*m + 16. Suppose 0 = -t*n + 4*n - 56. What is the tens digit of n?
1
Suppose -5990*p + 15684 = -5984*p. What is the units digit of p?
4
Suppose h + 3*p - 656 = 0, -2549 = -4*h + p + 2*p. What is the units digit of h?
1
Let x(q) = -41*q + 5 + 6 - 11. Let r be x(3). Let f = -85 - r. What is the units digit of f?
8
Let d(z) = -z**2 + 5 - 4*z - z + z. Let b be d(-5). Suppose -5*m + 184 - 14 = b. What is the tens digit of m?
3
Let w = -33 + 33. Suppose 0*m + 5*m - 245 = w. What is the tens digit of m?
4
Suppose -5*t + 4*z = z, 0 = -4*t + 4*z. Suppose t*v - 212 = -4*v + 5*r, 2*v - 106 = r. What is the tens digit of v?
5
What is the hundreds digit of (-20)/270*3 + 6365/9?
7
Let g(t) = 11*t + 64. Let h be g(-6). What is the hundreds digit of (1/h)/((-8)/2832)?
1
Let u(o) = 3*o**2 + 9*o + 3. Let t be u(-3). Suppose 4*s + 391 = 5*z, -5*s - 65 + 307 = t*z. What is the tens digit of z?
7
Suppose -8*z - 2468 = -12*z + h, -2*z = -h - 1236. What is the hundreds digit of z?
6
Let l = -986 - -2599. What is the tens digit of l?
1
Let s be 1/(-4) + (-36)/(-16). What is the tens digit of 60/33 - s - (-200)/11?
1
Let u be -1*(-4)/(-26) + 6976/52. Suppose 529 = 5*h + u. What is the units digit of h?
9
Suppose -3*h + 5 = -1. Suppose -h*p - p = -3*m + 276, 0 = -2*p + 10. Let i = m - 67. What is the units digit of i?
0
What is the units digit of (-10)/(-45) - (6181/(-9) - -2)?
5
Let h(l) be the second derivative of -l**3 - 19*l**2/2 - 16*l. What is the units digit of h(-14)?
5
Suppose 4*c = 0, 4*a + 4*c - 6*c = -1080. What is the tens digit of a/((-5)/1)*(-6)/(-4)?
8
Suppose -3*d = -15, 5*u - d - 62 = 28. Let x = u + 59. What is the units digit of x?
8
Suppose 1148 = 89*f - 88*f. What is the hundreds digit of f?
1
Let j(n) = -n**3 + 7*n**2 - 5*n + 2. Let c be j(6